omposite number?
False
Suppose w - o = 44, -3*o - 20 = o. Suppose -36*q - 2199 = -w*q. Is q a composite number?
False
Suppose 22*j - 17206 = 8*j. Is j prime?
True
Suppose -r - 5 = -2. Let n be (22*r + 4)/(-1). Suppose -2*q = -q - 3*p - n, -4*q = -2*p - 298. Is q a composite number?
True
Let k = -214 - -533. Suppose 0*h = h - k. Is h a prime number?
False
Is 5206 - (-6 - (-1 + -4)) a composite number?
True
Let h = 21 + -19. Let z be (18 + 2)*h/8. Suppose -v = 2*v + z*o - 251, 5*v + 3*o = 397. Is v a prime number?
False
Suppose -10*a + 72722 = -18428. Is a prime?
False
Is 8482 + 1 + -6 + (-204)/(-34) a prime number?
False
Let f(d) = 53*d + 5. Let n(z) = z**3 - 7*z**2 + 6*z - 2. Let h be n(5). Let o = -18 - h. Is f(o) a prime number?
False
Let k(m) = -1595*m + 371. Is k(-4) composite?
True
Suppose 3*v - 1562 = -5*u + 16044, -2*u - 5*v = -7050. Suppose -6*p + u = -8582. Is p composite?
False
Suppose -x + 5 + 0 = 3*z, -z - 5*x - 17 = 0. Suppose z = w + 1. Suppose -q = -0*s - 3*s + 469, -161 = -s - w*q. Is s composite?
False
Let u be 6 - (1 + 0)*-1. Let n = -258 - -260. Suppose -2*w - 717 = -2*f - u*w, -5*f + n*w = -1865. Is f composite?
True
Suppose 4696 = -3*x - 3*n + 553, 3*x - 4*n + 4122 = 0. Let i = 2759 + x. Is i a composite number?
False
Let a = 448 - -180. Let t be (-8)/2 + 6 + a. Suppose -5*b - 156 = -p, -5*b + t = -p + 6*p. Is p prime?
True
Suppose 2*t + 3*t - 18 = -2*d, -2*t = -8. Is (-2)/3 - d/(15/15655) a prime number?
False
Suppose -4*c + 2*y = 5*y - 6164, 2*c - 5*y = 3056. Let w be (-10)/30 + c/6. Let i = w + -147. Is i prime?
True
Suppose 3*f - 641 = -5*d - 2817, 2146 = -3*f + d. Let t = -396 - f. Is t composite?
True
Suppose -5*z + 504 = -3*x - 0*z, 4*x - 3*z = -683. Let k = 466 + x. Is k a composite number?
False
Suppose 0 = -4*w - 12, 5*c + 51*w - 52*w - 22468 = 0. Is c prime?
True
Let y(c) be the third derivative of 577*c**4/24 + 14*c**3/3 + 7*c**2. Is y(3) a prime number?
True
Let s(u) = 8*u**2 - 1. Let b be s(1). Suppose 3*v - 2 = b. Suppose -3*l + 84 = v*p, 0*p + 2*p + 161 = 5*l. Is l a composite number?
False
Suppose 0 = q + 4*p + 14, -p + 2 = 3*q. Let f(i) = 0 - 1 - 21*i**3 - 2*i - 2*i**2 + 16*i**3 - q*i**2. Is f(-4) prime?
True
Let t = 56 - -353. Is t prime?
True
Suppose -4*v + 556 + 168 = 4*n, 5*v = n + 899. Suppose -5*p + k + 22730 = 0, 9294 = 2*p + 4*k + v. Is p composite?
False
Let z = 1667 + -904. Is z a composite number?
True
Suppose 3*z - 3401 + 18860 = 3*v, 4*z - 25765 = -5*v. Is v a prime number?
True
Let v be (2/(-4))/(4/(-16)). Suppose 0 = -h - v*h + 3567. Let f = h - 648. Is f a prime number?
True
Let a(z) = 8*z**2 - z + 8. Let w(u) = -17*u**2 + 2*u - 16. Let t(n) = 5*a(n) + 2*w(n). Is t(-5) a composite number?
False
Let z be (27 + 3)/((-1)/(-8)). Suppose -4*c + 2*s - 641 = s, -793 = 5*c - 4*s. Let m = z + c. Is m composite?
False
Let m = 38 + -23. Let q = -10 + m. Suppose o - 35 = -4*n, -o + 4*o + 48 = q*n. Is n a prime number?
False
Let n(k) = 3*k**2 - 2*k + 4. Let b be (-1)/(((-2)/(-4))/(3/2)). Is n(b) a composite number?
False
Let g be (1 - (2 + -3)) + 3. Let y(n) = -2 - n + 7 - 4*n + 1 + n**3. Is y(g) prime?
False
Let z = 14 - 7. Let a = z - 17. Is (-1814)/a + (-4)/10 a composite number?
False
Suppose 59944 = 26*a - 18*a. Is a prime?
False
Suppose 46640 = 11*b - 54989. Is b composite?
False
Suppose 4*r - 4*q - q + 45 = 0, -5*r = 4*q + 5. Is ((-3 - -9) + r)*491 prime?
True
Suppose 5*l + i - 11 = 0, 2*l = -i + 2 - 0. Suppose 0 = 2*g + l*g + 2*w - 529, 5*w = -g + 115. Suppose 5*t - 530 - g = 0. Is t prime?
True
Suppose 9*i + o = 7*i + 11005, 5*o = -4*i + 22019. Is i prime?
True
Let l = 7 - 2. Suppose -y + f + 3306 = 0, 1 = l*f + 6. Is y a prime number?
False
Suppose 0*q = 3*q - 60. Suppose 91 = -q*p + 21*p. Is p a prime number?
False
Let f(s) = -s**3 - 4*s**2 + 5*s. Let n be f(-5). Is 541 + -3 + n + 3 composite?
False
Let h(w) = -2*w + 36. Let i be h(16). Suppose i*d - 200 = 1580. Is d a composite number?
True
Let z = -232 + 551. Is z composite?
True
Suppose -3*r + 4*p + 15546 = -p, 3*r + 5*p - 15546 = 0. Is r prime?
False
Suppose 3*r = 4*h + 43, -h + 4*r = 3*h + 44. Let u be ((-8)/(-16))/((-1)/h). Suppose u*y = 904 + 411. Is y composite?
False
Let m = 21 + -21. Let i(c) = -2*c**3 - 5*c**2 + m*c + 7*c - 3 + c + 3*c. Is i(-5) composite?
False
Let o be 15/10*(-5288)/6. Let s = o - -1982. Let p = s + -271. Is p prime?
True
Let m = 94 + -134. Let f = 134 + m. Is f a composite number?
True
Let f = 489 - -68. Is f a prime number?
True
Suppose -6 = 4*i + 2*b, -2*b - 2 = -3*i + 3*b. Let v = 6 + i. Is (v + 1)*(-39)/(-6) composite?
True
Suppose 2*n = -2*u + 872, -2*u = u - n - 1304. Suppose -94*r = -97*r + u. Is r prime?
False
Let d = 28811 + 9212. Is d a prime number?
False
Let b be 9/15 + (-3)/5. Suppose -2*m - 12 = -b*m. Is 5204/10 + m/(-10) a prime number?
True
Let m(a) = a + 10. Let k be m(-9). Let p = 1 + k. Suppose p*j = 4*y - 844, 0 = 7*j - 2*j. Is y composite?
False
Let h(p) = -12*p + 1 - 1 + 37*p**2 + 2 - p**3 - 24*p**2. Let z be h(12). Suppose 2*b = -5*g + 600, z*b + 297 = 3*b + g. Is b prime?
False
Suppose 3*l + 8*l - 20713 = 0. Is l a composite number?
True
Suppose -5394 = -3*c - 3*r, 5*c - 9134 + 137 = 2*r. Is c composite?
True
Suppose -1 = 3*q - 4*v, -3*q + 31 = 2*v + 8. Suppose 0 = -0*a + q*a + 395. Let r = 164 + a. Is r composite?
True
Let y be 9/(216/(-16)) - (-34)/6. Suppose -3*g - 4*n + 10921 = 0, -4*g + y*g + 4*n - 3627 = 0. Is g a prime number?
False
Is 49810/8 - 48/(-64) prime?
False
Let q be (-1 - -3)/(4/8). Suppose 4*r + 80 = q*f, 5*r = 3*r - 4. Suppose 2*g + g - 3*c = f, 0 = -4*c + 4. Is g a prime number?
True
Let f = 1 - -5. Suppose 17 + 1 = f*c. Is c + -4 + 760/2 a prime number?
True
Let w = 30 - 36. Is (7028/(-6))/(4/w) a prime number?
False
Let q = -4245 + 34022. Is q composite?
True
Let l be ((-760)/(-12))/(-5)*-27. Suppose 0 = -r + 1819 - l. Is r prime?
False
Let m be (0 - 0) + (-13 - 0). Let t(z) = -32*z - 7. Is t(m) a prime number?
True
Suppose -3*l - 15154 = -4*g - l, 4*g + 3*l = 15139. Is g prime?
False
Let d be 190/(-20)*(0 - -2). Let j = d - -12. Let g = 14 + j. Is g a prime number?
True
Let d(g) = g + 1. Let h be d(3). Suppose 0 = -h*u + 3*u - 5. Is u/(-3 + (-366)/(-123)) a composite number?
True
Let l(z) = -729*z + 12. Let d be l(3). Let f = d + 3653. Is f prime?
False
Suppose -6*d + 40 = -110. Let m(i) = 63*i**3 - 2*i**2 + 1. Let q be m(1). Suppose 0 = h - q + d. Is h composite?
False
Let g = 34 - 32. Suppose 1161 = 7*l - g*l - 2*a, -474 = -2*l - 4*a. Is l a composite number?
False
Suppose 22 = i - 5*a, i + 7 - 21 = 3*a. Suppose 0 = 3*n + 4*x - i*x + 2, 0 = -4*x - 16. Is 0/n + 21 + -6 a composite number?
True
Suppose 0 = 8*a - 8519 + 1695. Is a a prime number?
True
Suppose -5*o - 115 + 10 = 0. Let y(i) = 5*i**2 + 19*i + 41. Is y(o) a composite number?
False
Suppose 10*x - 2178 = 4*x. Suppose -2*j + j + x = h, -3*h = 4*j - 1091. Is h a composite number?
True
Let z = 36 + -32. Suppose 0 = -5*t - 0*t - 3*q + 8520, -z*q = 2*t - 3394. Is t a prime number?
False
Suppose l = 3*s + 3*l - 49499, 3*s = -4*l + 49501. Is s a composite number?
True
Let d(p) = -p**3 - 4*p**2 + 4. Let y be d(-4). Let v be (y/(-4))/((-2)/(-12)). Is 21/14*(-596)/v a composite number?
False
Let h = -853 - -1236. Let a = h + 290. Is a a prime number?
True
Suppose 4*t = 2*d - 2, 0*t - 4*t - 12 = -4*d. Suppose 4*s = 2*g + 1156, 5*s + t*g = -2*g + 1419. Is s composite?
True
Let h(i) = 4*i**2 + 8*i - 7. Let q(d) = -d + 1. Let t(r) = h(r) + 6*q(r). Let m(n) = -n**3 + 4*n**2 + 3*n + 4. Let l be m(5). Is t(l) a composite number?
False
Suppose -5*k = -s - 4*s - 10, -4*k = -2*s - 8. Suppose -t + k*t + 4*a - 318 = 0, 3 = 3*a. Is t prime?
False
Let x = -51 + 257. Suppose -5*l - 1559 = -4*d, 165 = d - 5*l - x. Suppose 0 = 3*c - 2*j - 387, j - d = -3*c - 0*j. Is c a prime number?
True
Let z(j) = -4*j. Let y be z(-2). Is 10318/18 - y/36 prime?
False
Let j = -41 - 1033. Let c = -4453 + 2880. Let y = j - c. Is y a composite number?
False
Let k = -15717 - -63080. Is k prime?
True
Let d(f) = f**3 + 37*f**2 + 37. Is d(-27) prime?
False
Let s = -97 + 106. Is (-2307)/(-9) + 3/s*2 composite?
False
Suppose -4*l = 4*o - 14460, -8*o - 5*l = -6*o - 7236. Is o composite?
False
Let i(h) = 303*h + 1. Let j be i(-2). Let u = -940 - j. Let 